8 is divided by 338?
326
Calculate the remainder when 750099 is divided by 195.
129
What is the remainder when 406749 is divided by 8301?
0
Calculate the remainder when 48307 is divided by 16093.
28
What is the remainder when 146429654 is divided by 6655893?
8
What is the remainder when 18222375 is divided by 105944?
7
What is the remainder when 15244390 is divided by 15508?
26
Calculate the remainder when 96100 is divided by 31717.
949
Calculate the remainder when 773805 is divided by 773775.
30
What is the remainder when 3378994 is divided by 35?
24
What is the remainder when 1725581 is divided by 26?
13
What is the remainder when 304343 is divided by 27524?
1579
Calculate the remainder when 89324 is divided by 6826.
586
What is the remainder when 928160997 is divided by 9000?
8997
Calculate the remainder when 5796807 is divided by 294.
9
Calculate the remainder when 116062 is divided by 980.
422
Calculate the remainder when 7137819 is divided by 2341.
110
What is the remainder when 2675086 is divided by 22292?
46
Calculate the remainder when 24420 is divided by 1885.
1800
Calculate the remainder when 50688 is divided by 2117.
1997
Calculate the remainder when 858606 is divided by 103.
101
Calculate the remainder when 89770 is divided by 6636.
3502
Calculate the remainder when 16114650 is divided by 286.
266
What is the remainder when 2466385572 is divided by 1115?
1112
Calculate the remainder when 1513758 is divided by 274.
182
Calculate the remainder when 481407 is divided by 2990.
17
What is the remainder when 49519958 is divided by 70?
68
Calculate the remainder when 29835 is divided by 1469.
455
What is the remainder when 132589 is divided by 59?
16
Calculate the remainder when 8710767 is divided by 107.
4
What is the remainder when 21842437 is divided by 1680176?
149
What is the remainder when 2463585 is divided by 821124?
213
What is the remainder when 28499 is divided by 27111?
1388
What is the remainder when 4252060 is divided by 4251917?
143
Calculate the remainder when 63962 is divided by 21185.
407
What is the remainder when 16393788 is divided by 315265?
8
Calculate the remainder when 4287649 is divided by 372.
349
Calculate the remainder when 161189738 is divided by 6231.
6230
What is the remainder when 187146255 is divided by 496?
495
Calculate the remainder when 4771955 is divided by 153933.
32
Calculate the remainder when 1098808 is divided by 5899.
1594
Calculate the remainder when 18884744 is divided by 318.
314
What is the remainder when 72726297 is divided by 1118866?
7
What is the remainder when 11991154 is divided by 263?
195
What is the remainder when 1094989 is divided by 584?
573
What is the remainder when 462223 is divided by 18466?
573
What is the remainder when 3695468 is divided by 1415?
903
Calculate the remainder when 62922 is divided by 61353.
1569
What is the remainder when 20781668 is divided by 53?
50
Calculate the remainder when 6589871 is divided by 941409.
8
Calculate the remainder when 185479 is divided by 45616.
3015
What is the remainder when 106106 is divided by 543?
221
What is the remainder when 113295 is divided by 56550?
195
What is the remainder when 26636132 is divided by 3103?
3083
Calculate the remainder when 1175318 is divided by 20.
18
What is the remainder when 104937188 is divided by 4197487?
13
What is the remainder when 1594132 is divided by 45541?
197
What is the remainder when 179619 is divided by 59836?
111
Calculate the remainder when 19018104 is divided by 3333.
6
Calculate the remainder when 4248743 is divided by 2124342.
59
What is the remainder when 917407 is divided by 1204?
1163
Calculate the remainder when 9159823 is divided by 1231.
1183
Calculate the remainder when 1402073 is divided by 7195.
6243
Calculate the remainder when 319707 is divided by 17760.
27
What is the remainder when 77326 is divided by 2204?
186
What is the remainder when 1167003 is divided by 388990?
33
Calculate the remainder when 2555922 is divided by 196607.
31
Calculate the remainder when 1508185 is divided by 35.
0
Calculate the remainder when 8236027 is divided by 61.
51
Calculate the remainder when 195004 is divided by 747.
37
What is the remainder when 63023 is divided by 4158?
653
What is the remainder when 14033514 is divided by 360?
354
What is the remainder when 32944488 is divided by 10981488?
24
Calculate the remainder when 2062630 is divided by 1358.
1186
Calculate the remainder when 56314452 is divided by 18734.
48
Calculate the remainder when 15257257 is divided by 21309.
13
What is the remainder when 978415 is divided by 779?
770
What is the remainder when 56642 is divided by 27784?
1074
Calculate the remainder when 736798 is divided by 358.
34
Calculate the remainder when 116867 is divided by 38370.
1757
Calculate the remainder when 10290485 is divided by 275.
260
What is the remainder when 21451229 is divided by 3195?
3194
What is the remainder when 5427199 is divided by 64?
63
Calculate the remainder when 10563566 is divided by 1760594.
2
Calculate the remainder when 314954 is divided by 16.
10
What is the remainder when 5719894 is divided by 1405?
139
What is the remainder when 1896276 is divided by 5?
1
What is the remainder when 57207519 is divided by 28603747?
25
Calculate the remainder when 53974 is divided by 10000.
3974
What is the remainder when 1626733 is divided by 5197?
72
What is the remainder when 850626 is divided by 212494?
650
What is the remainder when 578682 is divided by 192779?
345
What is the remainder when 400195 is divided by 348?
343
Calculate the remainder when 76647 is divided by 3816.
327
What is the remainder when 1614351 is divided by 2821?
739
What is the remainder when 337822 is divided by 3128?
3126
What is the remainder when 299172 is divided by 1264?
868
What is the remainder when 91279 is divided by 6089?
6033
Calculate the remainder when 5441578 is divided by 13.
12
What is the remainder when 980278 is divided by 89115?
13
Calculate the remainder when 3773315 is divided by 15.
5
What is the remainder when 11030549 is divided by 974?
973
Calculate the remainder when 419616 is divided by 851.
73
What is the remainder when 4774057 is divided by 22?
13
What is the remainder when 9987584 is divided by 22?
2
Calculate the remainder when 427095 is divided by 373.
10
Calculate the remainder when 8767736 is divided by 1749.
1748
Calculate the remainder when 3957433 is divided by 65957.
13
What is the remainder when 14439999 is divided by 175?
49
Calculate the remainder when 13461830 is divided by 7529.
7507
What is the remainder when 181827 is divided by 1039?
2
What is the remainder when 58881 is divided by 526?
495
What is the remainder when 246492 is divided by 2110?
1732
Calculate the remainder when 2010538 is divided by 2010528.
10
What is the remainder when 2209285 is divided by 736408?
61
What is the remainder when 62798140 is divided by 1625?
15
What is the remainder when 83975 is divided by 26448?
4631
Calculate the remainder when 33805368 is divided by 25.
18
What is the remainder when 3758410 is divided by 3101?
3099
Calculate the remainder when 63353 is divided by 1707.
194
Calculate the remainder when 147204 is divided by 2165.
2149
Calculate the remainder when 227824 is divided by 6327.
52
What is the remainder when 37258189 is divided by 1030?
1029
What is the remainder when 4716026 is divided by 5601?
5585
Calculate the remainder when 163298 is divided by 1026.
164
Calculate the remainder when 9460 is divided by 1349.
17
Calculate the remainder when 50790 is divided by 10102.
280
What is the remainder when 764934 is divided by 4701?
3372
What is the remainder when 21845321 is divided by 5461313?
69
What is the remainder when 12317410 is divided by 76?
14
Calculate the remainder when 210112 is divided by 2044.
1624
What is the remainder when 541632 is divided by 1160?
1072
What is the remainder when 65705795 is divided by 1990?
1965
What is the remainder when 283081 is divided by 591?
583
Calculate the remainder when 12881335 is divided by 21.
19
What is the remainder when 26960564 is divided by 1351?
8
Calculate the remainder when 740452 is divided by 740218.
234
What is the remainder when 5725923153 is divided by 1637?
1635
What is the 